[INFO] cloning repository https://github.com/cadaverine/k-combinations
[INFO] running `Command { std: "git" "-c" "credential.helper=" "-c" "credential.helper=/workspace/cargo-home/bin/git-credential-null" "clone" "--bare" "https://github.com/cadaverine/k-combinations" "/workspace/cache/git-repos/https%3A%2F%2Fgithub.com%2Fcadaverine%2Fk-combinations", kill_on_drop: false }`
[INFO] [stderr] Cloning into bare repository '/workspace/cache/git-repos/https%3A%2F%2Fgithub.com%2Fcadaverine%2Fk-combinations'...
[INFO] running `Command { std: "git" "rev-parse" "HEAD", kill_on_drop: false }`
[INFO] [stdout] 7e1a3e1ca43560cf72da504cf7b334474cefb87e
[INFO] checking cadaverine/k-combinations against master#e6e4f7ed1589e03bc2f6c5931c1a72e7947e8682 for beta-170-4
[INFO] running `Command { std: "git" "clone" "/workspace/cache/git-repos/https%3A%2F%2Fgithub.com%2Fcadaverine%2Fk-combinations" "/workspace/builds/worker-5-tc2/source", kill_on_drop: false }`
[INFO] [stderr] Cloning into '/workspace/builds/worker-5-tc2/source'...
[INFO] [stderr] done.
[INFO] validating manifest of git repo https://github.com/cadaverine/k-combinations on toolchain e6e4f7ed1589e03bc2f6c5931c1a72e7947e8682
[INFO] running `Command { std: CARGO_HOME="/workspace/cargo-home" RUSTUP_HOME="/workspace/rustup-home" "/workspace/cargo-home/bin/cargo" "+e6e4f7ed1589e03bc2f6c5931c1a72e7947e8682" "metadata" "--manifest-path" "Cargo.toml" "--no-deps", kill_on_drop: false }`
[INFO] started tweaking git repo https://github.com/cadaverine/k-combinations
[INFO] finished tweaking git repo https://github.com/cadaverine/k-combinations
[INFO] tweaked toml for git repo https://github.com/cadaverine/k-combinations written to /workspace/builds/worker-5-tc2/source/Cargo.toml
[INFO] crate git repo https://github.com/cadaverine/k-combinations already has a lockfile, it will not be regenerated
[INFO] running `Command { std: CARGO_HOME="/workspace/cargo-home" RUSTUP_HOME="/workspace/rustup-home" "/workspace/cargo-home/bin/cargo" "+e6e4f7ed1589e03bc2f6c5931c1a72e7947e8682" "fetch" "--manifest-path" "Cargo.toml", kill_on_drop: false }`
[INFO] running `Command { std: "docker" "create" "-v" "/var/lib/crater-agent-workspace/builds/worker-5-tc2/target:/opt/rustwide/target:rw,Z" "-v" "/var/lib/crater-agent-workspace/builds/worker-5-tc2/source:/opt/rustwide/workdir:ro,Z" "-v" "/var/lib/crater-agent-workspace/cargo-home:/opt/rustwide/cargo-home:ro,Z" "-v" "/var/lib/crater-agent-workspace/rustup-home:/opt/rustwide/rustup-home:ro,Z" "-e" "SOURCE_DIR=/opt/rustwide/workdir" "-e" "CARGO_TARGET_DIR=/opt/rustwide/target" "-e" "CARGO_HOME=/opt/rustwide/cargo-home" "-e" "RUSTUP_HOME=/opt/rustwide/rustup-home" "-w" "/opt/rustwide/workdir" "-m" "1610612736" "--user" "0:0" "--network" "none" "ghcr.io/rust-lang/crates-build-env/linux@sha256:5ff2268d62e97bff2cde7d5815dd6ed5b47097566f13b8d0ca110b04b60e07ed" "/opt/rustwide/cargo-home/bin/cargo" "+e6e4f7ed1589e03bc2f6c5931c1a72e7947e8682" "metadata" "--no-deps" "--format-version=1", kill_on_drop: false }`
[INFO] [stdout] 4dd261a5b5f7cb77557b6c73f8083571696abcc64924799deec73916a86c98d1
[INFO] running `Command { std: "docker" "start" "-a" "4dd261a5b5f7cb77557b6c73f8083571696abcc64924799deec73916a86c98d1", kill_on_drop: false }`
[INFO] running `Command { std: "docker" "inspect" "4dd261a5b5f7cb77557b6c73f8083571696abcc64924799deec73916a86c98d1", kill_on_drop: false }`
[INFO] running `Command { std: "docker" "rm" "-f" "4dd261a5b5f7cb77557b6c73f8083571696abcc64924799deec73916a86c98d1", kill_on_drop: false }`
[INFO] [stdout] 4dd261a5b5f7cb77557b6c73f8083571696abcc64924799deec73916a86c98d1
[INFO] running `Command { std: "docker" "create" "-v" "/var/lib/crater-agent-workspace/builds/worker-5-tc2/target:/opt/rustwide/target:rw,Z" "-v" "/var/lib/crater-agent-workspace/builds/worker-5-tc2/source:/opt/rustwide/workdir:ro,Z" "-v" "/var/lib/crater-agent-workspace/cargo-home:/opt/rustwide/cargo-home:ro,Z" "-v" "/var/lib/crater-agent-workspace/rustup-home:/opt/rustwide/rustup-home:ro,Z" "-e" "SOURCE_DIR=/opt/rustwide/workdir" "-e" "CARGO_TARGET_DIR=/opt/rustwide/target" "-e" "CARGO_INCREMENTAL=0" "-e" "RUST_BACKTRACE=full" "-e" "RUSTFLAGS=--cap-lints=forbid" "-e" "RUSTDOCFLAGS=--cap-lints=forbid" "-e" "CARGO_HOME=/opt/rustwide/cargo-home" "-e" "RUSTUP_HOME=/opt/rustwide/rustup-home" "-w" "/opt/rustwide/workdir" "-m" "1610612736" "--user" "0:0" "--network" "none" "ghcr.io/rust-lang/crates-build-env/linux@sha256:5ff2268d62e97bff2cde7d5815dd6ed5b47097566f13b8d0ca110b04b60e07ed" "/opt/rustwide/cargo-home/bin/cargo" "+e6e4f7ed1589e03bc2f6c5931c1a72e7947e8682" "check" "--frozen" "--all" "--all-targets" "--message-format=json", kill_on_drop: false }`
[INFO] [stdout] 0d115e3a2a3eb5bb410dc818fe159d6a9aebca37f0efea12a924ae58e6ee6081
[INFO] running `Command { std: "docker" "start" "-a" "0d115e3a2a3eb5bb410dc818fe159d6a9aebca37f0efea12a924ae58e6ee6081", kill_on_drop: false }`
[INFO] [stderr]     Checking k-combinations v0.1.0 (/opt/rustwide/workdir)
[INFO] [stdout] error[E0425]: cannot find value `arr` in this scope
[INFO] [stdout]  --> src/main.rs:8:30
[INFO] [stdout]   |
[INFO] [stdout] 8 |     let mut numeratorArray = arr[1..k];
[INFO] [stdout]   |                              ^^^ help: a tuple variant with a similar name exists: `Err`
[INFO] [stdout]  --> /rustc/e6e4f7ed1589e03bc2f6c5931c1a72e7947e8682/library/core/src/result.rs:511:5
[INFO] [stdout]   |
[INFO] [stdout]   = note: similarly named tuple variant `Err` defined here
[INFO] [stdout] 
[INFO] [stdout] 
[INFO] [stdout] error[E0425]: cannot find value `arr` in this scope
[INFO] [stdout]  --> src/main.rs:8:30
[INFO] [stdout]   |
[INFO] [stdout] 8 |     let mut numeratorArray = arr[1..k];
[INFO] [stdout]   |                              ^^^ help: a tuple variant with a similar name exists: `Err`
[INFO] [stdout]  --> /rustc/e6e4f7ed1589e03bc2f6c5931c1a72e7947e8682/library/core/src/result.rs:511:5
[INFO] [stdout]   |
[INFO] [stdout]   = note: similarly named tuple variant `Err` defined here
[INFO] [stdout] 
[INFO] [stdout] 
[INFO] [stdout] error[E0308]: mismatched types
[INFO] [stdout]  --> src/main.rs:1:49
[INFO] [stdout]   |
[INFO] [stdout] 1 | fn get_k_combinations_number(n: u64, k: u64) -> u64 {
[INFO] [stdout]   |    -------------------------                    ^^^ expected `u64`, found `()`
[INFO] [stdout]   |    |
[INFO] [stdout]   |    implicitly returns `()` as its body has no tail or `return` expression
[INFO] [stdout]   |
[INFO] [stdout] note: consider returning one of these bindings
[INFO] [stdout]  --> src/main.rs:1:30
[INFO] [stdout]   |
[INFO] [stdout] 1 | fn get_k_combinations_number(n: u64, k: u64) -> u64 {
[INFO] [stdout]   |                              ^       ^
[INFO] [stdout] 
[INFO] [stdout] 
[INFO] [stdout] error[E0308]: mismatched types
[INFO] [stdout]   --> src/main.rs:13:47
[INFO] [stdout]    |
[INFO] [stdout] 13 | fn k_combinations_generate(n: u64, k: u64) -> u64 {
[INFO] [stdout]    |    -----------------------                    ^^^ expected `u64`, found `()`
[INFO] [stdout]    |    |
[INFO] [stdout]    |    implicitly returns `()` as its body has no tail or `return` expression
[INFO] [stdout]    |
[INFO] [stdout] note: consider returning one of these bindings
[INFO] [stdout]   --> src/main.rs:13:28
[INFO] [stdout]    |
[INFO] [stdout] 13 | fn k_combinations_generate(n: u64, k: u64) -> u64 {
[INFO] [stdout]    |                            ^       ^
[INFO] [stdout] 
[INFO] [stdout] 
[INFO] [stdout] error[E0308]: mismatched types
[INFO] [stdout]  --> src/main.rs:1:49
[INFO] [stdout]   |
[INFO] [stdout] 1 | fn get_k_combinations_number(n: u64, k: u64) -> u64 {
[INFO] [stdout]   |    -------------------------                    ^^^ expected `u64`, found `()`
[INFO] [stdout]   |    |
[INFO] [stdout]   |    implicitly returns `()` as its body has no tail or `return` expression
[INFO] [stdout]   |
[INFO] [stdout] note: consider returning one of these bindings
[INFO] [stdout]  --> src/main.rs:1:30
[INFO] [stdout]   |
[INFO] [stdout] 1 | fn get_k_combinations_number(n: u64, k: u64) -> u64 {
[INFO] [stdout]   |                              ^       ^
[INFO] [stdout] 
[INFO] [stdout] 
[INFO] [stdout] error[E0308]: mismatched types
[INFO] [stdout]   --> src/main.rs:13:47
[INFO] [stdout]    |
[INFO] [stdout] 13 | fn k_combinations_generate(n: u64, k: u64) -> u64 {
[INFO] [stdout]    |    -----------------------                    ^^^ expected `u64`, found `()`
[INFO] [stdout]    |    |
[INFO] [stdout]    |    implicitly returns `()` as its body has no tail or `return` expression
[INFO] [stdout]    |
[INFO] [stdout] note: consider returning one of these bindings
[INFO] [stdout]   --> src/main.rs:13:28
[INFO] [stdout]    |
[INFO] [stdout] 13 | fn k_combinations_generate(n: u64, k: u64) -> u64 {
[INFO] [stdout]    |                            ^       ^
[INFO] [stdout] 
[INFO] [stdout] 
[INFO] [stdout] error[E0277]: `std::ops::Range<{integer}>` doesn't implement `std::fmt::Display`
[INFO] [stdout]   --> src/main.rs:19:18
[INFO] [stdout]    |
[INFO] [stdout] 19 |     print!("{}", (1..20));
[INFO] [stdout]    |                  ^^^^^^^ `std::ops::Range<{integer}>` cannot be formatted with the default formatter
[INFO] [stdout]    |
[INFO] [stdout]    = help: the trait `std::fmt::Display` is not implemented for `std::ops::Range<{integer}>`
[INFO] [stdout]    = note: in format strings you may be able to use `{:?}` (or {:#?} for pretty-print) instead
[INFO] [stdout]    = note: this error originates in the macro `$crate::format_args` which comes from the expansion of the macro `print` (in Nightly builds, run with -Z macro-backtrace for more info)
[INFO] [stdout] 
[INFO] [stdout] 
[INFO] [stdout] error[E0277]: `std::ops::Range<{integer}>` doesn't implement `std::fmt::Display`
[INFO] [stdout]   --> src/main.rs:19:18
[INFO] [stdout]    |
[INFO] [stdout] 19 |     print!("{}", (1..20));
[INFO] [stdout]    |                  ^^^^^^^ `std::ops::Range<{integer}>` cannot be formatted with the default formatter
[INFO] [stdout]    |
[INFO] [stdout]    = help: the trait `std::fmt::Display` is not implemented for `std::ops::Range<{integer}>`
[INFO] [stdout]    = note: in format strings you may be able to use `{:?}` (or {:#?} for pretty-print) instead
[INFO] [stdout]    = note: this error originates in the macro `$crate::format_args` which comes from the expansion of the macro `print` (in Nightly builds, run with -Z macro-backtrace for more info)
[INFO] [stdout] 
[INFO] [stdout] 
[INFO] [stdout] error: aborting due to 4 previous errors
[INFO] [stdout] 
[INFO] [stdout] 
[INFO] [stdout] Some errors have detailed explanations: E0277, E0308, E0425.
[INFO] [stdout] 
[INFO] [stdout] For more information about an error, try `rustc --explain E0277`.
[INFO] [stdout] 
[INFO] [stdout] error: aborting due to 4 previous errors
[INFO] [stdout] 
[INFO] [stdout] 
[INFO] [stdout] Some errors have detailed explanations: E0277, E0308, E0425.
[INFO] [stdout] 
[INFO] [stdout] For more information about an error, try `rustc --explain E0277`.
[INFO] [stdout] 
[INFO] [stderr] error: could not compile `k-combinations` (bin "k-combinations") due to 5 previous errors
[INFO] [stderr] warning: build failed, waiting for other jobs to finish...
[INFO] [stderr] error: could not compile `k-combinations` (bin "k-combinations" test) due to 5 previous errors
[INFO] running `Command { std: "docker" "inspect" "0d115e3a2a3eb5bb410dc818fe159d6a9aebca37f0efea12a924ae58e6ee6081", kill_on_drop: false }`
[INFO] running `Command { std: "docker" "rm" "-f" "0d115e3a2a3eb5bb410dc818fe159d6a9aebca37f0efea12a924ae58e6ee6081", kill_on_drop: false }`
[INFO] [stdout] 0d115e3a2a3eb5bb410dc818fe159d6a9aebca37f0efea12a924ae58e6ee6081
